1862 and 6574?
38
Calculate the highest common divisor of 85 and 425323.
17
What is the highest common factor of 145090 and 2420?
110
Calculate the greatest common factor of 44682 and 165.
33
Calculate the greatest common divisor of 19951 and 12851.
71
Calculate the highest common divisor of 302 and 3775.
151
What is the highest common divisor of 234 and 101322?
234
Calculate the greatest common divisor of 1056 and 287760.
528
What is the highest common divisor of 1989 and 10237383?
1989
Calculate the highest common factor of 90 and 1662120.
90
What is the greatest common factor of 136 and 46648?
136
Calculate the greatest common factor of 33424 and 16.
16
Calculate the highest common factor of 1748 and 1292.
76
Calculate the greatest common divisor of 15416 and 183112.
376
What is the greatest common factor of 37520 and 336?
112
Calculate the highest common divisor of 42536 and 520.
104
What is the highest common divisor of 540 and 4980?
60
What is the greatest common factor of 484 and 978769?
121
Calculate the highest common divisor of 28303 and 11594.
341
Calculate the greatest common divisor of 2625 and 2835.
105
What is the greatest common factor of 3578 and 3350797?
1789
Calculate the greatest common factor of 10840 and 3032.
8
Calculate the highest common divisor of 3753 and 18348.
417
Calculate the highest common divisor of 160020 and 8295.
105
Calculate the greatest common factor of 14985 and 5365.
185
What is the greatest common divisor of 2173 and 6572?
53
What is the greatest common factor of 201855 and 45?
15
Calculate the greatest common divisor of 20675 and 3925.
25
What is the greatest common factor of 19416 and 170699?
809
What is the greatest common factor of 5387265 and 30?
15
Calculate the greatest common factor of 5328 and 22311.
333
What is the highest common divisor of 130 and 17330?
10
Calculate the highest common factor of 50561 and 6727.
217
Calculate the highest common factor of 2726438 and 130.
26
What is the highest common divisor of 111199 and 121?
121
What is the greatest common factor of 3352 and 781854?
838
What is the highest common divisor of 9976 and 17544?
344
Calculate the highest common divisor of 198648 and 1395.
279
What is the greatest common factor of 6594 and 4214508?
942
What is the highest common factor of 17200 and 28800?
400
What is the greatest common divisor of 9921 and 21?
3
Calculate the greatest common factor of 1751 and 8670.
17
Calculate the greatest common factor of 64313 and 1762.
881
Calculate the highest common divisor of 198 and 6094.
22
Calculate the greatest common divisor of 64694 and 826.
14
What is the highest common factor of 2813692 and 28?
28
What is the highest common divisor of 57 and 183008?
19
Calculate the highest common divisor of 619 and 42.
1
Calculate the highest common factor of 318 and 38372.
106
What is the greatest common factor of 305 and 2080?
5
Calculate the highest common factor of 4531 and 437.
23
What is the greatest common divisor of 4820 and 40?
20
What is the highest common factor of 3376 and 41989?
211
What is the highest common divisor of 3615 and 287513?
241
What is the highest common divisor of 5 and 766?
1
What is the highest common divisor of 65870 and 56?
14
What is the highest common factor of 231 and 64281?
21
Calculate the greatest common factor of 491 and 498365.
491
What is the greatest common divisor of 27 and 139509?
27
Calculate the greatest common divisor of 3572 and 145559.
893
Calculate the highest common factor of 181640 and 4864.
152
Calculate the greatest common divisor of 344792 and 7567.
329
Calculate the greatest common factor of 26172 and 5089.
727
Calculate the highest common divisor of 27 and 708975.
9
What is the highest common divisor of 343467 and 189?
27
Calculate the highest common divisor of 341 and 2889634.
341
Calculate the highest common factor of 1050 and 11900.
350
What is the highest common factor of 2951 and 26?
13
Calculate the highest common divisor of 476 and 1207.
17
Calculate the highest common factor of 3663 and 6771.
111
What is the highest common divisor of 80 and 220240?
80
Calculate the highest common factor of 123699 and 3.
3
Calculate the highest common factor of 6111910 and 70.
70
Calculate the highest common factor of 33546 and 78.
6
Calculate the greatest common factor of 294613 and 121.
11
Calculate the greatest common factor of 979902 and 3087.
441
What is the greatest common factor of 67431 and 399?
399
What is the highest common factor of 333 and 35409?
111
Calculate the greatest common factor of 14 and 148946.
14
What is the greatest common divisor of 864912 and 408?
24
What is the greatest common factor of 6 and 140718?
6
What is the highest common divisor of 827134 and 4323?
1441
Calculate the highest common factor of 1442 and 38316.
206
Calculate the highest common divisor of 288286 and 61.
61
What is the highest common factor of 1682 and 108054?
58
What is the highest common divisor of 19 and 25460?
19
Calculate the highest common divisor of 106233 and 6120.
51
Calculate the greatest common factor of 24931 and 932.
233
Calculate the greatest common divisor of 19455 and 15.
15
Calculate the greatest common factor of 17388 and 7.
7
What is the greatest common factor of 238 and 176239?
119
What is the highest common factor of 237714 and 6?
6
Calculate the highest common factor of 35629 and 711.
79
Calculate the greatest common divisor of 44 and 15103.
11
What is the greatest common divisor of 187455 and 30?
15
What is the highest common divisor of 576 and 17343?
9
What is the highest common divisor of 701789 and 22?
11
Calculate the greatest common factor of 219 and 16410327.
219
What is the highest common factor of 1425 and 228?
57
Calculate the greatest common divisor of 120 and 5865.
15
Calculate the highest common factor of 15453 and 1257147.
909
What is the greatest common divisor of 333684 and 13572?
468
Calculate the highest common divisor of 344288 and 16.
16
What is the highest common divisor of 257926 and 725?
29
What is the highest common divisor of 103667 and 102418?
1249
What is the highest common factor of 9720 and 1626?
6
What is the highest common divisor of 6 and 792138?
6
What is the greatest common divisor of 19832 and 37?
37
Calculate the highest common divisor of 454 and 173882.
454
What is the greatest common divisor of 2098 and 240221?
1049
What is the greatest common factor of 1817618 and 22?
22
Calculate the highest common divisor of 146471 and 13639.
593
Calculate the highest common factor of 113 and 9914959.
113
What is the greatest common divisor of 32 and 56720?
16
What is the highest common divisor of 9526 and 22?
22
Calculate the highest common factor of 230 and 1412315.
115
Calculate the greatest common divisor of 26 and 9867.
13
What is the greatest common divisor of 192 and 33696?
96
Calculate the greatest common factor of 258 and 366.
6
What is the highest common divisor of 11988 and 384?
12
What is the highest common factor of 30357 and 45?
9
Calculate the greatest common factor of 18 and 222018.
6
What is the highest common factor of 149 and 158387?
149
What is the highest common divisor of 770 and 98868?
154
Calculate the greatest common factor of 30959 and 2984.
373
What is the greatest common factor of 242490 and 30?
30
What is the greatest common factor of 2880 and 72540?
180
What is the greatest common divisor of 1027 and 115577?
79
Calculate the greatest common divisor of 70512 and 195.
39
What is the highest common divisor of 3368 and 3740?
4
Calculate the highest common divisor of 416861 and 139.
139
Calculate the greatest common divisor of 430983 and 12.
3
What is the greatest common divisor of 13419 and 49?
7
What is the greatest common divisor of 635 and 7011670?
635
Calculate the highest common divisor of 133 and 1377747.
133
What is the greatest common divisor of 99744 and 309622?
2078
Calculate the greatest common factor of 5026 and 16646.
14
What is the greatest common divisor of 113 and 326683?
113
What is the greatest common divisor of 30422 and 71974?
742
What is the highest common divisor of 322 and 21728?
14
What is the greatest common divisor of 432 and 57564?
108
What is the greatest common factor of 208 and 2119?
13
Calculate the g